me factors of n.
5, 113
Let i = 655 - 318. Suppose 3*k - 6*k - i = -4*s, 0 = 5*s - 4*k - 422. Suppose s = z + 5. What are the prime factors of z?
7, 11
Suppose -2*q + 5*v = -26, -q + 5*v = -9 - 14. What are the prime factors of -7 + 43 - (-3 - (1 - q))?
37
Let g = -4927 + 8283. What are the prime factors of g?
2, 839
Suppose -o = -7*o + 10986. Suppose 3*u + a = -o, 3*u - 2*u = -5*a - 601. Let g = -325 - u. List the prime factors of g.
2, 11, 13
Let q(n) = 17*n - 14212*n**2 + 28 + 14213*n**2 + 34. What are the prime factors of q(32)?
2, 5, 163
Let j(a) = -8837*a + 163. List the prime factors of j(-2).
17837
Suppose -y - 11582 = -5*i, 2*i - 4622 = -y - 4*y. Suppose -2676 = -12*l + i. What are the prime factors of l?
2, 13
Let a(m) = -m**3 - 24*m**2 - 18*m - 40. Suppose 0 = 3*j - 0*o + 3*o + 75, -3*o + 125 = -5*j. What are the prime factors of a(j)?
3, 5, 23
Suppose -1585 = -5*i + i - 3*a, -2*a + 792 = 2*i. Suppose -i*m + 398 = -395*m. List the prime factors of m.
199
Let w = -1522 + 6584. What are the prime factors of w?
2, 2531
Let v(b) = -16*b - 28 + 35 + 5 + 0 + 8. Let k = -31 + 22. What are the prime factors of v(k)?
2, 41
Suppose -216*i + 83616 = -210*i. List the prime factors of i.
2, 13, 67
Suppose 7*s - 9960 = -s. Let d = s - 728. List the prime factors of d.
11, 47
Let y(l) = -3*l**3 + l**2 - l - 1. Let r be y(-1). Suppose -r*c + 247 = 2*p - 5*c, 5*p = 2*c + 620. What are the prime factors of p?
2, 3, 7
Let w(s) = 4*s - 5. Let b be w(3). Suppose b*a + 27 = 4*a. What are the prime factors of (a + 12)*142/6?
71
Let j(c) be the first derivative of 11/2*c**4 + 2*c**2 - c**3 - 25 - 5*c. What are the prime factors of j(2)?
167
Suppose 75*k - 68*k = 22701. What are the prime factors of k?
3, 23, 47
Suppose -135 = -17*a + 52. Let l(p) = p**3 - 8*p**2 + 9*p - 38. List the prime factors of l(a).
2, 53
Let g(y) = 3*y**2 - 5*y + 3. Let s be g(2). Suppose -s*k + 5574 = -146. List the prime factors of k.
2, 11, 13
Let b(q) = 18*q**3 + 15*q**2 - 38*q - 19. List the prime factors of b(14).
53, 977
Suppose -4549 = 12*k - 91940 - 8777. What are the prime factors of k?
2, 4007
Let p(c) be the third derivative of 19*c**5/60 + c**4/24 - c**3/6 + 2*c**2. Let z = -17 - -18. What are the prime factors of p(z)?
19
Suppose 3*u - 1989 = -3*d, 3*u - u = -4*d + 2654. Let q = 1062 - d. List the prime factors of 2/5 - q/(-5).
2, 5
Let a be 14/(-3) + ((-22)/(-6) - 3). Let o = -1 - a. Suppose 2*m - 16 = -5*f, 0*f = o*f + 6. List the prime factors of m.
13
Let p(z) = z**2 - 12*z - 12. Let t(b) = 2*b**3 + b**2 + 9*b + 12. Let g be t(6). Let x be (g/13)/(-6) - 2/13. What are the prime factors of p(x)?
11
What are the prime factors of (-2)/((-6)/114173) - 23/(-690)*-20?
19, 2003
Let o = 1396 + 1730. Suppose 4*k - 2*g = o, 1143 = k - 2*g + 366. What are the prime factors of k?
3, 29
Let n = -339 - -345. Suppose 4602 = 3*c - 3*h, -n*c + 3*h = -11*c + 7662. List the prime factors of c.
3, 7, 73
What are the prime factors of (-2 + 1625)*(-320)/(-48)?
2, 5, 541
What are the prime factors of ((-3898)/6 + 6 + -7)*-45?
2, 3, 5, 61
Let p be (-1 + (-5)/(-20))*-24. Let f be 4/p + (-5740)/(-90). Suppose c + 5*r = f, 34 = 2*c - 3*r - 94. What are the prime factors of c?
2
Suppose 11*j + 15 = 14*j. Suppose -1 + 17 = 2*v - 4*p, 2*v - j*p = 15. Suppose n = -k + v, 5*n - n - 5*k - 85 = 0. List the prime factors of n.
3, 5
Suppose -137*t + 267667 = -113*t + 13243. What are the prime factors of t?
10601
Suppose 13*x = -x - 196. What are the prime factors of (x/(-5) + -4)*-5 - -219?
3, 5
Let a = 76 - 68. Let d = -52 - a. Let n = d - -163. What are the prime factors of n?
103
Suppose -z + 143592 = 15*z + 46*z. List the prime factors of z.
2, 3, 193
Suppose -112836 = -3*z - 31*g + 28*g, -5*g - 35 = 0. What are the prime factors of z?
37619
Let s = 3206 - -347. List the prime factors of s.
11, 17, 19
Suppose -217*r + 3386493 - 1120733 = 7*r. What are the prime factors of r?
5, 7, 17
Suppose -l + 72 + 181 = 5*f, 3*l + 141 = 3*f. Suppose 46*h = f*h - 3620. What are the prime factors of h?
5, 181
Let o be (-14)/(-28) + 1/(-2)*-1931. Let b = o - 355. Suppose 0 = -2*u - u + 15, 3*g - b = -u. List the prime factors of g.
2, 101
Suppose 6*y - 3*j - 1677 = 3*y, 5*j - 1701 = -3*y. Let g = y + -314. What are the prime factors of g?
2, 31
Let b(c) be the first derivative of 87*c**2/2 - 183*c - 117. What are the prime factors of b(11)?
2, 3, 43
Let l(f) = f**2 + 3*f + 5. Let s be l(-3). Suppose -4*k + 2*c - 7*c = -59, c + s = 0. Suppose 5*p - k = -6. What are the prime factors of p?
3
List the prime factors of 3117 + (-1581)/408 + 2/(-16).
11, 283
Let f(i) = -283*i - 4331. List the prime factors of f(-68).
3, 1657
Let k = 62 + -61. Let n be k*0/3 + 478. Suppose -171 = -2*c - 2*g + 83, -2*g = -4*c + n. What are the prime factors of c?
2, 61
Let q(s) = -s - 1. Let w(y) = 4*y**3 + 11*y**2 + 3*y + 2. Let g(h) = -4*q(h) - w(h). List the prime factors of g(-6).
2, 29
Suppose -2*p - 166 = -2. Let s = -77 - p. List the prime factors of ((-2)/6)/(s/(-45)) - -204.
3, 23
Suppose -4*q - 4 = -6*u + 2*u, 5*u - 2*q - 2 = 0. Suppose -3*p = -4*z - u*p + 7045, 0 = 5*z + 5*p - 8850. List the prime factors of z.
5, 353
Suppose 3*g - 3*k + 12 = 0, 0*g - 3*g + 2 = 4*k. Let x be (-6)/g*(1 + 0 + -2). List the prime factors of (1/((-9)/348))/(1/x).
2, 29
Suppose -3 = -o - 0. Let p be (-2)/(-6) + o + (-220)/12. List the prime factors of (2 - (-93)/p)/((-1)/35).
3, 7
Suppose -8*g + 472 = -4*g - 4*a, g = -a + 118. Suppose -4*h = 4*t - 176, 3*t - 5*h = -h + g. List the prime factors of (-4)/(-1) + t*2.
2, 11
Suppose -w = 3*u - 5895, -2411 = w - 8*u - 8273. What are the prime factors of w?
2, 3, 109
Let n(g) = -g**2 + 11*g - 28. Let m be n(5). Suppose 4*a - 2*o - 604 = -6*o, 4*o = m*a - 302. What are the prime factors of a?
151
Let p(r) = -r - 55. Let q(j) = -2*j - 59. Let v(x) = 7*p(x) - 6*q(x). Suppose -100 = -5*l - 25. What are the prime factors of v(l)?
2, 11
Let b(n) = -147 - 126 - 139 + 3*n - 11*n + 436. Suppose 0*o = -3*o + 4*h - 51, 5*h - 15 = 0. List the prime factors of b(o).
2
Suppose 5*r = i, -9*r - i = -11*r. Let b(y) = -2*y**2 + y + 1752. What are the prime factors of b(r)?
2, 3, 73
Suppose -446 = -3*s + 1486. Let m = s - 307. Suppose 0 = 7*j - 664 - m. List the prime factors of j.
11, 13
Let x(c) = -22*c**3 + 14*c**2 + 42*c. List the prime factors of x(-5).
2, 5, 17
Let n = -31 + 27. Let f be n/(-6 - -2) - (-2 - 85). Let d = f - 30. List the prime factors of d.
2, 29
Let h(d) = -9033*d - 290. What are the prime factors of h(-2)?
2, 11, 101
Let h(n) = n**2 - 9*n - 16. Let f be h(-3). Suppose -3*k - 380 = -f. Let c = 21 - k. What are the prime factors of c?
3, 47
What are the prime factors of (23/((-414)/60)*1)/((-6)/37971)?
5, 4219
Suppose -s - 52 = -155. Let k = s + 343. List the prime factors of k.
2, 223
What are the prime factors of (1479/6)/(72/3888)?
3, 17, 29
Suppose v = 4*h + 342, h = -4*v + 476 + 858. List the prime factors of v.
2, 167
Suppose -h - 578 = -3*v - 200, -v = 3*h - 126. List the prime factors of (6*7/v)/((-4)/(-2364)).
197
Let w(b) = 4*b**2 - 2*b + 1. Let d be w(-5). Suppose -5*s + m + 234 = -d, s - 2*m - 78 = 0. Let u = s - 12. List the prime factors of u.
2, 7
Let q be 11 - 3 - 13 - -6895. Suppose -10*c = -q - 5170. List the prime factors of c.
2, 3, 67
Let n(q) = -4*q**2 + 15*q + 7. Let k be n(4). Let h(f) = 2*f**2 + f + 20. Let i(p) = -p**2 - 19. Let u(x) = k*i(x) + 2*h(x). List the prime factors of u(11).
2, 3, 7
Let k(h) = -38*h**3 + h**2 + 3*h + 1. Suppose -b = -3*b + 6. Suppose 5*f - d = -b*d + 5, 5*d = -f + 24. What are the prime factors of k(f)?
37
Let q(g) = 2*g**2 - 19*g - 8. Let n be q(10). Suppose n*i + 71 = 309. Suppose -4*w = -201 - i. List the prime factors of w.
2, 5
Let c(s) = 18*s + 357. Suppose 2*t - 45 = 5*b, -3*b + t - 18 = 9. What are the prime factors of c(b)?
3, 5, 13
Suppose 5*i - 48 = 4*z - 21, -3*i + z = -19. List the prime factors of 1/i + (-23725)/(-35).
2, 3, 113
List the prime factors of (-7)/(-35) + (1890960/(-25))/(-3).
19, 1327
Suppose -w - 5*v + 29 = 0, 0 = 5*w - 0*w - 4*v. Suppose -w*l + t = 22, 0 = -l - t - 2*t + 1. Let o(p) = p**3 + 7*p**2 + 7*p - 2. List the prime factors of o(l).
13
Suppose -65*z = -61*z - 96. Suppose 0 = 11*q - 14*q - z. Let o = 136 + q.